nd 224.
14
Calculate the greatest common factor of 900 and 30.
30
Calculate the highest common factor of 128 and 16.
16
What is the highest common divisor of 1196 and 52?
52
Calculate the highest common factor of 153 and 1207.
17
Calculate the greatest common factor of 372 and 11067.
93
What is the highest common divisor of 43 and 86?
43
Calculate the highest common divisor of 132 and 12.
12
Calculate the greatest common factor of 1763 and 129.
43
Calculate the highest common factor of 7 and 56.
7
Calculate the highest common divisor of 840 and 14.
14
What is the highest common divisor of 72 and 264?
24
What is the highest common factor of 36 and 2151?
9
Calculate the highest common factor of 264 and 3256.
88
Calculate the highest common factor of 100 and 9450.
50
Calculate the highest common divisor of 90 and 774.
18
What is the greatest common factor of 891 and 11?
11
What is the highest common divisor of 64 and 5024?
32
What is the highest common factor of 2190 and 30?
30
What is the greatest common factor of 30 and 45?
15
Calculate the greatest common factor of 6700 and 75.
25
What is the greatest common factor of 187 and 68?
17
What is the highest common factor of 65 and 40?
5
Calculate the highest common factor of 511 and 2409.
73
Calculate the highest common divisor of 340 and 13770.
170
Calculate the greatest common factor of 6 and 5198.
2
Calculate the highest common factor of 23966 and 46.
46
Calculate the greatest common divisor of 951 and 6.
3
What is the highest common factor of 55 and 2250?
5
What is the highest common factor of 39 and 3?
3
Calculate the highest common factor of 512 and 32.
32
Calculate the greatest common divisor of 702 and 156.
78
Calculate the highest common factor of 40 and 31180.
20
Calculate the greatest common factor of 572 and 299.
13
Calculate the greatest common divisor of 4060 and 532.
28
Calculate the highest common factor of 33 and 528.
33
Calculate the highest common divisor of 180 and 16.
4
What is the greatest common divisor of 656 and 5412?
164
Calculate the highest common factor of 1952 and 896.
32
Calculate the greatest common divisor of 3904 and 122.
122
What is the greatest common factor of 11816 and 8?
8
Calculate the highest common factor of 814 and 1258.
74
What is the greatest common divisor of 56 and 294?
14
What is the highest common divisor of 45 and 35?
5
What is the highest common divisor of 38 and 38?
38
Calculate the highest common factor of 4698 and 36.
18
Calculate the highest common factor of 2992 and 17.
17
Calculate the highest common factor of 2771 and 17.
17
What is the highest common divisor of 82 and 92824?
82
Calculate the highest common factor of 16125 and 129.
129
What is the greatest common factor of 28 and 36?
4
What is the highest common divisor of 495 and 6?
3
What is the highest common factor of 81 and 99?
9
Calculate the greatest common factor of 228 and 1197.
57
What is the greatest common divisor of 37 and 703?
37
Calculate the highest common divisor of 176 and 11.
11
Calculate the highest common factor of 400 and 48.
16
Calculate the greatest common divisor of 15 and 105.
15
What is the highest common divisor of 9243 and 390?
39
Calculate the greatest common factor of 2116 and 184.
92
What is the greatest common factor of 11 and 7689?
11
Calculate the greatest common divisor of 5 and 80.
5
What is the greatest common factor of 584 and 16?
8
What is the highest common divisor of 38 and 437?
19
What is the highest common factor of 20 and 7132?
4
What is the highest common factor of 842 and 2?
2
Calculate the highest common divisor of 460 and 345.
115
Calculate the highest common divisor of 3225 and 86.
43
Calculate the highest common factor of 52 and 6383.
13
What is the highest common divisor of 1422 and 72?
18
Calculate the greatest common divisor of 6100 and 1952.
244
Calculate the greatest common divisor of 112 and 48.
16
Calculate the highest common divisor of 1256 and 136.
8
Calculate the greatest common factor of 42 and 336.
42
Calculate the highest common divisor of 97 and 4268.
97
Calculate the highest common factor of 130 and 507.
13
Calculate the highest common divisor of 646 and 136.
34
What is the highest common factor of 14 and 63?
7
What is the greatest common divisor of 68 and 5219?
17
Calculate the highest common factor of 7125 and 171.
57
What is the highest common factor of 355 and 15?
5
What is the highest common factor of 26248 and 272?
136
What is the greatest common factor of 36 and 13044?
12
Calculate the greatest common divisor of 193 and 26827.
193
What is the highest common factor of 34 and 1343?
17
What is the greatest common factor of 36 and 16?
4
Calculate the greatest common factor of 40 and 90.
10
Calculate the highest common divisor of 118 and 59.
59
Calculate the greatest common divisor of 16 and 512.
16
What is the highest common divisor of 4 and 116?
4
Calculate the greatest common factor of 301 and 14.
7
What is the greatest common factor of 741 and 399?
57
What is the highest common factor of 18 and 90378?
18
What is the highest common divisor of 52 and 208?
52
What is the highest common divisor of 17 and 510?
17
What is the greatest common factor of 11 and 1837?
11
Calculate the highest common divisor of 958 and 38.
2
Calculate the greatest common factor of 264 and 1826.
22
What is the highest common divisor of 54 and 6?
6
Calculate the greatest common divisor of 234 and 104.
26
Calculate the highest common factor of 20106 and 18.
18
What is the greatest common factor of 105 and 63?
21
What is the greatest common divisor of 329 and 282?
47
What is the greatest common factor of 2 and 250?
2
Calculate the highest common divisor of 36 and 9.
9
What is the greatest common factor of 2430 and 36?
18
Calculate the greatest common factor of 549 and 122.
61
What is the highest common divisor of 385 and 1155?
385
What is the greatest common factor of 4 and 306?
2
What is the greatest common divisor of 219 and 6?
3
What is the highest common divisor of 18 and 62?
2
What is the highest common divisor of 6 and 1320?
6
What is the greatest common factor of 1026 and 54?
54
What is the greatest common divisor of 24 and 12072?
24
Calculate the greatest common factor of 11605 and 11.
11
What is the highest common divisor of 35 and 4235?
35
Calculate the highest common factor of 24 and 408.
24
What is the greatest common factor of 3 and 375?
3
Calculate the highest common divisor of 1740 and 58.
58
What is the greatest common factor of 7173 and 9?
9
What is the highest common divisor of 192 and 72?
24
What is the greatest common divisor of 28 and 2996?
28
What is the greatest common factor of 6 and 66?
6
What is the highest common factor of 50 and 350?
50
Calculate the greatest common divisor of 70 and 14.
14
Calculate the greatest common factor of 128 and 1600.
64
What is the greatest common divisor of 22 and 539?
11
Calculate the greatest common divisor of 4689 and 9.
9
Calculate the highest common factor of 1023 and 33.
33
What is the highest common factor of 1475 and 475?
25
Calculate the greatest common factor of 50 and 275.
25
What is the highest common factor of 136 and 2380?
68
What is the highest common divisor of 216 and 162?
54
What is the greatest common factor of 4 and 15?
1
What is the highest common divisor of 28324 and 876?
292
Calculate the highest common factor of 177 and 7552.
59
Calculate the greatest common divisor of 3962 and 14.
14
What is the highest common divisor of 5 and 1657?
1
What is the highest common divisor of 198 and 726?
66
What is the greatest common divisor of 333 and 2405?
37
What is the greatest common divisor of 27 and 8199?
9
Calculate the highest common divisor of 186 and 837.
93
What is the greatest common divisor of 112 and 560?
112
Calculate the highest common factor of 21 and 228.
3
What is the greatest common divisor of 6 and 1458?
6
Calculate the highest common divisor of 581 and 35.
7
Calculate the highest common factor of 1292 and 380.
76
What is the highest common factor of 26 and 650?
26
What is the highest common divisor of 200 and 125?
25
Calculate the highest common divisor of 65 and 91.
13
What is the highest common factor of 2166 and 570?
114
Calculate the greatest common factor of 